[INFO] fetching crate realm 0.1.23...
[INFO] checking realm-0.1.23 against master#af3c6e733a40e671550e0f0f5aeecaa13772ba56 for pr-74989
[INFO] extracting crate realm 0.1.23 into /workspace/builds/worker-2/source
[INFO] validating manifest of crates.io crate realm 0.1.23 on toolchain af3c6e733a40e671550e0f0f5aeecaa13772ba56
[INFO] running `Command { std: "/workspace/cargo-home/bin/cargo" "+af3c6e733a40e671550e0f0f5aeecaa13772ba56" "read-manifest" "--manifest-path" "Cargo.toml", kill_on_drop: false }`
[INFO] started tweaking crates.io crate realm 0.1.23
[INFO] finished tweaking crates.io crate realm 0.1.23
[INFO] tweaked toml for crates.io crate realm 0.1.23 written to /workspace/builds/worker-2/source/Cargo.toml
[INFO] running `Command { std: "/workspace/cargo-home/bin/cargo" "+af3c6e733a40e671550e0f0f5aeecaa13772ba56" "generate-lockfile" "--manifest-path" "Cargo.toml" "-Zno-index-update", kill_on_drop: false }`
[INFO] running `Command { std: "/workspace/cargo-home/bin/cargo" "+af3c6e733a40e671550e0f0f5aeecaa13772ba56" "fetch" "--locked" "--manifest-path" "Cargo.toml", kill_on_drop: false }`
[INFO] [stderr]     Blocking waiting for file lock on package cache
[INFO] running `Command { std: "docker" "create" "-v" "/var/lib/crater-agent-workspace/builds/worker-2/target:/opt/rustwide/target:rw,Z" "-v" "/var/lib/crater-agent-workspace/builds/worker-2/source:/opt/rustwide/workdir:ro,Z" "-v" "/var/lib/crater-agent-workspace/cargo-home:/opt/rustwide/cargo-home:ro,Z" "-v" "/var/lib/crater-agent-workspace/rustup-home:/opt/rustwide/rustup-home:ro,Z" "-e" "SOURCE_DIR=/opt/rustwide/workdir" "-e" "CARGO_TARGET_DIR=/opt/rustwide/target" "-e" "CARGO_HOME=/opt/rustwide/cargo-home" "-e" "RUSTUP_HOME=/opt/rustwide/rustup-home" "-w" "/opt/rustwide/workdir" "-m" "1610612736" "--user" "0:0" "--network" "none" "rustops/crates-build-env@sha256:d92eaeed33fa75130ca1ee6c8a01d1ffb62bac859dfdfb3450e3e5d1c0146529" "/opt/rustwide/cargo-home/bin/cargo" "+af3c6e733a40e671550e0f0f5aeecaa13772ba56" "metadata" "--no-deps" "--format-version=1", kill_on_drop: false }`
[INFO] [stdout] fb49f9d7b5cce79874e6fa88d312c9109e17c038a8a7ae3d93dc3f275ed35001
[INFO] [stderr] WARNING: Your kernel does not support swap limit capabilities or the cgroup is not mounted. Memory limited without swap.
[INFO] running `Command { std: "docker" "start" "-a" "fb49f9d7b5cce79874e6fa88d312c9109e17c038a8a7ae3d93dc3f275ed35001", kill_on_drop: false }`
[INFO] running `Command { std: "docker" "inspect" "fb49f9d7b5cce79874e6fa88d312c9109e17c038a8a7ae3d93dc3f275ed35001", kill_on_drop: false }`
[INFO] running `Command { std: "docker" "rm" "-f" "fb49f9d7b5cce79874e6fa88d312c9109e17c038a8a7ae3d93dc3f275ed35001", kill_on_drop: false }`
[INFO] [stdout] fb49f9d7b5cce79874e6fa88d312c9109e17c038a8a7ae3d93dc3f275ed35001
[INFO] running `Command { std: "docker" "create" "-v" "/var/lib/crater-agent-workspace/builds/worker-2/target:/opt/rustwide/target:rw,Z" "-v" "/var/lib/crater-agent-workspace/builds/worker-2/source:/opt/rustwide/workdir:ro,Z" "-v" "/var/lib/crater-agent-workspace/cargo-home:/opt/rustwide/cargo-home:ro,Z" "-v" "/var/lib/crater-agent-workspace/rustup-home:/opt/rustwide/rustup-home:ro,Z" "-e" "SOURCE_DIR=/opt/rustwide/workdir" "-e" "CARGO_TARGET_DIR=/opt/rustwide/target" "-e" "CARGO_INCREMENTAL=0" "-e" "RUST_BACKTRACE=full" "-e" "RUSTFLAGS=--cap-lints=forbid" "-e" "CARGO_HOME=/opt/rustwide/cargo-home" "-e" "RUSTUP_HOME=/opt/rustwide/rustup-home" "-w" "/opt/rustwide/workdir" "-m" "1610612736" "--user" "0:0" "--network" "none" "rustops/crates-build-env@sha256:d92eaeed33fa75130ca1ee6c8a01d1ffb62bac859dfdfb3450e3e5d1c0146529" "/opt/rustwide/cargo-home/bin/cargo" "+af3c6e733a40e671550e0f0f5aeecaa13772ba56" "check" "--frozen" "--all" "--all-targets" "--message-format=json", kill_on_drop: false }`
[INFO] [stderr] WARNING: Your kernel does not support swap limit capabilities or the cgroup is not mounted. Memory limited without swap.
[INFO] [stdout] a6d940a80e275800c0c1bb8ba6a06bd4e853f05bc506b65f7c10344c6490e804
[INFO] running `Command { std: "docker" "start" "-a" "a6d940a80e275800c0c1bb8ba6a06bd4e853f05bc506b65f7c10344c6490e804", kill_on_drop: false }`
[INFO] [stderr]    Compiling libc v0.2.77
[INFO] [stderr]    Compiling unicode-xid v0.2.1
[INFO] [stderr]     Checking cfg-if v0.1.10
[INFO] [stderr]    Compiling autocfg v1.0.1
[INFO] [stderr]     Checking lazy_static v1.4.0
[INFO] [stderr]    Compiling log v0.4.11
[INFO] [stderr]    Compiling version_check v0.9.2
[INFO] [stderr]    Compiling semver-parser v0.7.0
[INFO] [stderr]     Checking slab v0.4.2
[INFO] [stderr]     Checking fnv v1.0.7
[INFO] [stderr]    Compiling memchr v2.3.3
[INFO] [stderr]    Compiling bitflags v1.2.1
[INFO] [stderr]    Compiling crc32fast v1.2.0
[INFO] [stderr]    Compiling httparse v1.3.4
[INFO] [stderr]    Compiling cc v1.0.59
[INFO] [stderr]    Compiling ident_case v1.0.1
[INFO] [stderr]    Compiling strsim v0.7.0
[INFO] [stderr]    Compiling proc-macro-hack v0.5.18
[INFO] [stderr]    Compiling const_fn v0.4.2
[INFO] [stderr]     Checking rustc-demangle v0.1.16
[INFO] [stderr]     Checking scoped-tls v0.1.2
[INFO] [stderr]    Compiling askama_escape v0.3.0
[INFO] [stderr]     Checking tinyvec v0.3.4
[INFO] [stderr]    Compiling humansize v1.1.0
[INFO] [stderr]     Checking quick-error v1.2.3
[INFO] [stderr]     Checking take v0.1.0
[INFO] [stderr]     Checking slab v0.3.0
[INFO] [stderr]    Compiling itoa v0.4.6
[INFO] [stderr]     Checking mime v0.3.16
[INFO] [stderr]     Checking try-lock v0.1.0
[INFO] [stderr]     Checking smallvec v0.2.1
[INFO] [stderr]     Checking lazycell v1.3.0
[INFO] [stderr]     Checking matches v0.1.8
[INFO] [stderr]     Checking log-mdc v0.1.0
[INFO] [stderr]    Compiling woothee v0.11.0
[INFO] [stderr]     Checking percent-encoding v2.1.0
[INFO] [stderr]     Checking sha1 v0.2.0
[INFO] [stderr]     Checking antidote v1.0.0
[INFO] [stderr]     Checking anymap v0.12.1
[INFO] [stderr]     Checking ansi_term v0.11.0
[INFO] [stderr]     Checking itertools v0.9.0
[INFO] [stderr]     Checking tokio-service v0.1.0
[INFO] [stderr]     Checking relay v0.1.1
[INFO] [stderr]     Checking line-wrap v0.1.1
[INFO] [stderr]     Checking crossbeam-utils v0.6.6
[INFO] [stderr]     Checking thread_local v1.0.1
[INFO] [stderr]     Checking tokio-sync v0.1.8
[INFO] [stderr]     Checking owning_ref v0.3.3
[INFO] [stderr]    Compiling semver v0.9.0
[INFO] [stderr]     Checking humantime v1.3.0
[INFO] [stderr]     Checking unicode-normalization v0.1.13
[INFO] [stderr]     Checking unicode-bidi v0.3.4
[INFO] [stderr]    Compiling proc-macro2 v1.0.21
[INFO] [stderr]    Compiling unicase v2.6.0
[INFO] [stderr]    Compiling standback v0.2.10
[INFO] [stderr]    Compiling nom v5.1.2
[INFO] [stderr]    Compiling time v0.2.19
[INFO] [stderr]     Checking hmac-sha1 v0.1.3
[INFO] [stderr]    Compiling crossbeam-utils v0.7.2
[INFO] [stderr]    Compiling num-traits v0.2.12
[INFO] [stderr]    Compiling memoffset v0.5.5
[INFO] [stderr]    Compiling crossbeam-epoch v0.8.2
[INFO] [stderr]    Compiling num-integer v0.1.43
[INFO] [stderr]    Compiling indexmap v1.6.0
[INFO] [stderr]     Checking base64 v0.9.3
[INFO] [stderr]     Checking pretty_assertions v0.6.1
[INFO] [stderr]     Checking generic-array v0.12.3
[INFO] [stderr]     Checking crossbeam-channel v0.3.9
[INFO] [stderr]    Compiling rustc_version v0.2.3
[INFO] [stderr]     Checking aho-corasick v0.7.13
[INFO] [stderr]    Compiling syn v0.15.44
[INFO] [stderr]    Compiling quote v1.0.7
[INFO] [stderr]     Checking block-cipher-trait v0.6.2
[INFO] [stderr]     Checking iovec v0.1.4
[INFO] [stderr]     Checking net2 v0.2.35
[INFO] [stderr]     Checking num_cpus v1.13.0
[INFO] [stderr]     Checking time v0.1.44
[INFO] [stderr]     Checking rand v0.4.6
[INFO] [stderr]     Checking getrandom v0.1.15
[INFO] [stderr]     Checking parking_lot_core v0.8.0
[INFO] [stderr]     Checking backtrace v0.3.50
[INFO] [stderr]     Checking flate2 v1.0.17
[INFO] [stderr]     Checking parking_lot_core v0.7.2
[INFO] [stderr]     Checking inotify-sys v0.1.3
[INFO] [stderr]     Checking atty v0.2.14
[INFO] [stderr]     Checking thread-id v3.3.0
[INFO] [stderr]     Checking filetime v0.2.12
[INFO] [stderr]     Checking idna v0.2.0
[INFO] [stderr]     Checking blowfish v0.4.0
[INFO] [stderr]    Compiling parking_lot_core v0.6.2
[INFO] [stderr]    Compiling parking_lot v0.9.0
[INFO] [stderr]    Compiling hyper v0.12.35
[INFO] [stderr]     Checking bytes v0.4.12
[INFO] [stderr]     Checking futures-cpupool v0.1.8
[INFO] [stderr]    Compiling syn v1.0.40
[INFO] [stderr]    Compiling mime_guess v2.0.3
[INFO] [stderr]     Checking rand_core v0.5.1
[INFO] [stderr]     Checking parking_lot v0.11.0
[INFO] [stderr]     Checking inotify v0.7.1
[INFO] [stderr]     Checking colored v1.9.3
[INFO] [stderr]     Checking parking_lot v0.10.2
[INFO] [stderr]    Compiling onig_sys v69.5.1
[INFO] [stderr]     Checking regex v1.3.9
[INFO] [stderr]     Checking tokio-executor v0.1.10
[INFO] [stderr]     Checking crossbeam-queue v0.2.3
[INFO] [stderr]     Checking url v2.1.1
[INFO] [stderr]     Checking rand v0.3.23
[INFO] [stderr]     Checking parking_lot_core v0.2.14
[INFO] [stderr]     Checking rand_chacha v0.2.2
[INFO] [stderr]     Checking http v0.1.21
[INFO] [stderr]     Checking string v0.2.1
[INFO] [stderr]     Checking tokio-buf v0.1.1
[INFO] [stderr]     Checking scheduled-thread-pool v0.2.5
[INFO] [stderr]     Checking tokio-current-thread v0.1.7
[INFO] [stderr]     Checking tokio-timer v0.2.13
[INFO] [stderr]     Checking crossbeam-deque v0.7.3
[INFO] [stderr]     Checking ordered-float v1.1.0
[INFO] [stderr]     Checking rand v0.7.3
[INFO] [stderr]     Checking parking_lot v0.4.8
[INFO] [stderr]     Checking chashmap v2.2.2
[INFO] [stderr]     Checking bcrypt v0.7.0
[INFO] [stderr]     Checking http-body v0.1.0
[INFO] [stderr]    Compiling darling_core v0.9.0
[INFO] [stderr]     Checking onig v6.1.0
[INFO] [stderr]    Compiling synstructure v0.12.4
[INFO] [stderr]    Compiling darling_macro v0.9.0
[INFO] [stderr]    Compiling serde_derive v1.0.116
[INFO] [stderr]    Compiling failure_derive v0.1.8
[INFO] [stderr]    Compiling diesel_derives v1.4.1
[INFO] [stderr]    Compiling time-macros-impl v0.1.1
[INFO] [stderr]    Compiling darling v0.9.0
[INFO] [stderr]     Checking time-macros v0.1.0
[INFO] [stderr]     Checking failure v0.1.8
[INFO] [stderr]     Checking cookie v0.13.3
[INFO] [stderr]     Checking serde v1.0.116
[INFO] [stderr]     Checking chrono v0.4.15
[INFO] [stderr]     Checking serde_json v1.0.57
[INFO] [stderr]     Checking toml v0.5.6
[INFO] [stderr]     Checking serde_yaml v0.8.13
[INFO] [stderr]     Checking serde-value v0.6.0
[INFO] [stderr]     Checking uuid v0.8.1
[INFO] [stderr]     Checking bincode v1.3.1
[INFO] [stderr]     Checking tokio-io v0.1.13
[INFO] [stderr]     Checking mio v0.6.22
[INFO] [stderr]     Checking tokio-threadpool v0.1.18
[INFO] [stderr]     Checking log v0.3.9
[INFO] [stderr]     Checking r2d2 v0.8.9
[INFO] [stderr]     Checking want v0.0.4
[INFO] [stderr]     Checking sqlparser v0.5.1
[INFO] [stderr]     Checking want v0.2.0
[INFO] [stderr]     Checking tokio-codec v0.1.2
[INFO] [stderr]     Checking tokio-fs v0.1.7
[INFO] [stderr]     Checking h2 v0.1.26
[INFO] [stderr]     Checking tokio-reactor v0.1.12
[INFO] [stderr]     Checking mio-uds v0.6.8
[INFO] [stderr]     Checking mio-extras v2.0.6
[INFO] [stderr]     Checking askama_shared v0.9.1
[INFO] [stderr]     Checking notify v5.0.0-pre.1
[INFO] [stderr]     Checking tokio-tcp v0.1.4
[INFO] [stderr]     Checking tokio-uds v0.2.7
[INFO] [stderr]     Checking tokio-udp v0.1.6
[INFO] [stderr]     Checking tokio v0.1.22
[INFO] [stderr]     Checking diesel v1.4.5
[INFO] [stderr]     Checking plist v1.0.0
[INFO] [stderr]     Checking log4rs v0.11.0
[INFO] [stderr]     Checking tokio-core v0.1.17
[INFO] [stderr]     Checking tokio-proto v0.1.1
[INFO] [stderr]     Checking syntect v4.4.0
[INFO] [stderr]     Checking hyper v0.11.27
[INFO] [stderr]    Compiling observer_attribute v0.1.8
[INFO] [stderr]    Compiling askama_derive v0.9.0
[INFO] [stderr]     Checking signed_cookies v0.1.2
[INFO] [stderr]     Checking askama v0.9.0
[INFO] [stderr]     Checking r2d2-diesel v1.0.0
[INFO] [stderr]     Checking observer v0.2.4
[INFO] [stderr]     Checking realm v0.1.23 (/opt/rustwide/workdir)
[INFO] [stdout] error: custom attribute panicked
[INFO] [stdout]    --> src/base/in_.rs:141:5
[INFO] [stdout]     |
[INFO] [stdout] 141 |     #[observed(namespace = "realm__in")]
[INFO] [stdout]     |     ^^^^^^^^^^^^^^^^^^^^^^^^^^^^^^^^^^^^
[INFO] [stdout]     |
[INFO] [stdout]     = help: message: Could not find observer.json
[INFO] [stdout] 
[INFO] [stdout] 
[INFO] [stdout] error: custom attribute panicked
[INFO] [stdout]   --> src/base/mod.rs:49:1
[INFO] [stdout]    |
[INFO] [stdout] 49 | #[observed(namespace = "realm", with_result)]
[INFO] [stdout]    | ^^^^^^^^^^^^^^^^^^^^^^^^^^^^^^^^^^^^^^^^^^^^^
[INFO] [stdout]    |
[INFO] [stdout]    = help: message: Once instance has previously been poisoned
[INFO] [stdout] 
[INFO] [stdout] 
[INFO] [stdout] error: custom attribute panicked
[INFO] [stdout]   --> src/base/mod.rs:63:1
[INFO] [stdout]    |
[INFO] [stdout] 63 | #[observed(namespace = "realm", with_result)]
[INFO] [stdout]    | ^^^^^^^^^^^^^^^^^^^^^^^^^^^^^^^^^^^^^^^^^^^^^
[INFO] [stdout]    |
[INFO] [stdout]    = help: message: Once instance has previously been poisoned
[INFO] [stdout] 
[INFO] [stdout] 
[INFO] [stdout] error: custom attribute panicked
[INFO] [stdout]   --> src/response.rs:15:1
[INFO] [stdout]    |
[INFO] [stdout] 15 | #[observed(with_result, namespace = "realm__response")]
[INFO] [stdout]    | ^^^^^^^^^^^^^^^^^^^^^^^^^^^^^^^^^^^^^^^^^^^^^^^^^^^^^^^
[INFO] [stdout]    |
[INFO] [stdout]    = help: message: Once instance has previously been poisoned
[INFO] [stdout] 
[INFO] [stdout] 
[INFO] [stdout] error: custom attribute panicked
[INFO] [stdout]   --> src/response.rs:27:1
[INFO] [stdout]    |
[INFO] [stdout] 27 | #[observed(with_result, namespace = "realm__response")]
[INFO] [stdout]    | ^^^^^^^^^^^^^^^^^^^^^^^^^^^^^^^^^^^^^^^^^^^^^^^^^^^^^^^
[INFO] [stdout]    |
[INFO] [stdout]    = help: message: Once instance has previously been poisoned
[INFO] [stdout] 
[INFO] [stdout] 
[INFO] [stdout] error: custom attribute panicked
[INFO] [stdout]   --> src/response.rs:36:1
[INFO] [stdout]    |
[INFO] [stdout] 36 | #[observed(with_result, namespace = "realm__response")]
[INFO] [stdout]    | ^^^^^^^^^^^^^^^^^^^^^^^^^^^^^^^^^^^^^^^^^^^^^^^^^^^^^^^
[INFO] [stdout]    |
[INFO] [stdout]    = help: message: Once instance has previously been poisoned
[INFO] [stdout] 
[INFO] [stdout] 
[INFO] [stdout] error: custom attribute panicked
[INFO] [stdout]    --> src/base/in_.rs:141:5
[INFO] [stdout]     |
[INFO] [stdout] 141 |     #[observed(namespace = "realm__in")]
[INFO] [stdout]     |     ^^^^^^^^^^^^^^^^^^^^^^^^^^^^^^^^^^^^
[INFO] [stdout]     |
[INFO] [stdout]     = help: message: Could not find observer.json
[INFO] [stdout] 
[INFO] [stdout] 
[INFO] [stdout] error: custom attribute panicked
[INFO] [stdout]  --> src/serve_static.rs:1:1
[INFO] [stdout]   |
[INFO] [stdout] 1 | #[observed(with_result, namespace = "realm")]
[INFO] [stdout]   | ^^^^^^^^^^^^^^^^^^^^^^^^^^^^^^^^^^^^^^^^^^^^^
[INFO] [stdout]   |
[INFO] [stdout]   = help: message: Once instance has previously been poisoned
[INFO] [stdout] 
[INFO] [stdout] 
[INFO] [stdout] error: custom attribute panicked
[INFO] [stdout]   --> src/base/mod.rs:49:1
[INFO] [stdout]    |
[INFO] [stdout] 49 | #[observed(namespace = "realm", with_result)]
[INFO] [stdout]    | ^^^^^^^^^^^^^^^^^^^^^^^^^^^^^^^^^^^^^^^^^^^^^
[INFO] [stdout]    |
[INFO] [stdout]    = help: message: Once instance has previously been poisoned
[INFO] [stdout] 
[INFO] [stdout] 
[INFO] [stdout] error: custom attribute panicked
[INFO] [stdout]  --> src/storybook.rs:1:1
[INFO] [stdout]   |
[INFO] [stdout] 1 | #[observed(with_result, namespace = "realm__storybook")]
[INFO] [stdout]   | ^^^^^^^^^^^^^^^^^^^^^^^^^^^^^^^^^^^^^^^^^^^^^^^^^^^^^^^^
[INFO] [stdout]   |
[INFO] [stdout]   = help: message: Once instance has previously been poisoned
[INFO] [stdout] 
[INFO] [stdout] 
[INFO] [stdout] error: custom attribute panicked
[INFO] [stdout]   --> src/base/mod.rs:63:1
[INFO] [stdout]    |
[INFO] [stdout] 63 | #[observed(namespace = "realm", with_result)]
[INFO] [stdout]    | ^^^^^^^^^^^^^^^^^^^^^^^^^^^^^^^^^^^^^^^^^^^^^
[INFO] [stdout]    |
[INFO] [stdout]    = help: message: Once instance has previously been poisoned
[INFO] [stdout] 
[INFO] [stdout] 
[INFO] [stdout] error: custom attribute panicked
[INFO] [stdout]   --> src/urls.rs:15:1
[INFO] [stdout]    |
[INFO] [stdout] 15 | #[observed(with_result, namespace = "realm")]
[INFO] [stdout]    | ^^^^^^^^^^^^^^^^^^^^^^^^^^^^^^^^^^^^^^^^^^^^^
[INFO] [stdout]    |
[INFO] [stdout]    = help: message: Once instance has previously been poisoned
[INFO] [stdout] 
[INFO] [stdout] 
[INFO] [stdout] error: custom attribute panicked
[INFO] [stdout]   --> src/response.rs:15:1
[INFO] [stdout]    |
[INFO] [stdout] 15 | #[observed(with_result, namespace = "realm__response")]
[INFO] [stdout]    | ^^^^^^^^^^^^^^^^^^^^^^^^^^^^^^^^^^^^^^^^^^^^^^^^^^^^^^^
[INFO] [stdout]    |
[INFO] [stdout]    = help: message: Once instance has previously been poisoned
[INFO] [stdout] 
[INFO] [stdout] 
[INFO] [stdout] error: custom attribute panicked
[INFO] [stdout]   --> src/response.rs:27:1
[INFO] [stdout]    |
[INFO] [stdout] 27 | #[observed(with_result, namespace = "realm__response")]
[INFO] [stdout]    | ^^^^^^^^^^^^^^^^^^^^^^^^^^^^^^^^^^^^^^^^^^^^^^^^^^^^^^^
[INFO] [stdout]    |
[INFO] [stdout]    = help: message: Once instance has previously been poisoned
[INFO] [stdout] 
[INFO] [stdout] 
[INFO] [stdout] error: custom attribute panicked
[INFO] [stdout]   --> src/response.rs:36:1
[INFO] [stdout]    |
[INFO] [stdout] 36 | #[observed(with_result, namespace = "realm__response")]
[INFO] [stdout]    | ^^^^^^^^^^^^^^^^^^^^^^^^^^^^^^^^^^^^^^^^^^^^^^^^^^^^^^^
[INFO] [stdout]    |
[INFO] [stdout]    = help: message: Once instance has previously been poisoned
[INFO] [stdout] 
[INFO] [stdout] 
[INFO] [stdout] error[E0432]: unresolved imports `crate::response::json`, `crate::response::json_ok`, `crate::response::json_with_context`
[INFO] [stdout]   --> src/lib.rs:54:32
[INFO] [stdout]    |
[INFO] [stdout] 54 | pub use crate::response::{err, json, json_ok, json_with_context};
[INFO] [stdout]    |                                ^^^^  ^^^^^^^  ^^^^^^^^^^^^^^^^^ no `json_with_context` in `response`
[INFO] [stdout]    |                                |     |
[INFO] [stdout]    |                                |     no `json_ok` in `response`
[INFO] [stdout]    |                                no `json` in `response`
[INFO] [stdout] 
[INFO] [stdout] 
[INFO] [stdout] error[E0432]: unresolved import `crate::serve_static::serve_static`
[INFO] [stdout]   --> src/lib.rs:56:9
[INFO] [stdout]    |
[INFO] [stdout] 56 | pub use crate::serve_static::serve_static;
[INFO] [stdout]    |         ^^^^^^^^^^^^^^^^^^^^^------------
[INFO] [stdout]    |         |                    |
[INFO] [stdout]    |         |                    help: a similar name exists in the module: `read_static`
[INFO] [stdout]    |         no `serve_static` in `serve_static`
[INFO] [stdout] 
[INFO] [stdout] 
[INFO] [stdout] error[E0432]: unresolved import `crate::urls::handle`
[INFO] [stdout]   --> src/lib.rs:57:23
[INFO] [stdout]    |
[INFO] [stdout] 57 | pub use crate::urls::{handle, is_realm_url};
[INFO] [stdout]    |                       ^^^^^^ no `handle` in `urls`
[INFO] [stdout] 
[INFO] [stdout] 
[INFO] [stdout] error: custom attribute panicked
[INFO] [stdout]  --> src/serve_static.rs:1:1
[INFO] [stdout]   |
[INFO] [stdout] 1 | #[observed(with_result, namespace = "realm")]
[INFO] [stdout]   | ^^^^^^^^^^^^^^^^^^^^^^^^^^^^^^^^^^^^^^^^^^^^^
[INFO] [stdout]   |
[INFO] [stdout]   = help: message: Once instance has previously been poisoned
[INFO] [stdout] 
[INFO] [stdout] 
[INFO] [stdout] error: custom attribute panicked
[INFO] [stdout]  --> src/storybook.rs:1:1
[INFO] [stdout]   |
[INFO] [stdout] 1 | #[observed(with_result, namespace = "realm__storybook")]
[INFO] [stdout]   | ^^^^^^^^^^^^^^^^^^^^^^^^^^^^^^^^^^^^^^^^^^^^^^^^^^^^^^^^
[INFO] [stdout]   |
[INFO] [stdout]   = help: message: Once instance has previously been poisoned
[INFO] [stdout] 
[INFO] [stdout] 
[INFO] [stdout] error: custom attribute panicked
[INFO] [stdout]   --> src/urls.rs:15:1
[INFO] [stdout]    |
[INFO] [stdout] 15 | #[observed(with_result, namespace = "realm")]
[INFO] [stdout]    | ^^^^^^^^^^^^^^^^^^^^^^^^^^^^^^^^^^^^^^^^^^^^^
[INFO] [stdout]    |
[INFO] [stdout]    = help: message: Once instance has previously been poisoned
[INFO] [stdout] 
[INFO] [stdout] 
[INFO] [stdout] error[E0432]: unresolved imports `crate::response::json`, `crate::response::json_ok`, `crate::response::json_with_context`
[INFO] [stdout]   --> src/lib.rs:54:32
[INFO] [stdout]    |
[INFO] [stdout] 54 | pub use crate::response::{err, json, json_ok, json_with_context};
[INFO] [stdout]    |                                ^^^^  ^^^^^^^  ^^^^^^^^^^^^^^^^^ no `json_with_context` in `response`
[INFO] [stdout]    |                                |     |
[INFO] [stdout]    |                                |     no `json_ok` in `response`
[INFO] [stdout]    |                                no `json` in `response`
[INFO] [stdout] 
[INFO] [stdout] 
[INFO] [stdout] error[E0432]: unresolved import `crate::serve_static::serve_static`
[INFO] [stdout]   --> src/lib.rs:56:9
[INFO] [stdout]    |
[INFO] [stdout] 56 | pub use crate::serve_static::serve_static;
[INFO] [stdout]    |         ^^^^^^^^^^^^^^^^^^^^^------------
[INFO] [stdout]    |         |                    |
[INFO] [stdout]    |         |                    help: a similar name exists in the module: `read_static`
[INFO] [stdout]    |         no `serve_static` in `serve_static`
[INFO] [stdout] 
[INFO] [stdout] 
[INFO] [stdout] error[E0432]: unresolved import `crate::urls::handle`
[INFO] [stdout]   --> src/lib.rs:57:23
[INFO] [stdout]    |
[INFO] [stdout] 57 | pub use crate::urls::{handle, is_realm_url};
[INFO] [stdout]    |                       ^^^^^^ no `handle` in `urls`
[INFO] [stdout] 
[INFO] [stdout] 
[INFO] [stdout] error: aborting due to 12 previous errors
[INFO] [stdout] 
[INFO] [stdout] 
[INFO] [stdout] For more information about this error, try `rustc --explain E0432`.
[INFO] [stdout] 
[INFO] [stderr] error: could not compile `realm`.
[INFO] [stderr] 
[INFO] [stderr] To learn more, run the command again with --verbose.
[INFO] [stderr] warning: build failed, waiting for other jobs to finish...
[INFO] [stdout] error[E0277]: the trait bound `response::Response: Serialize` is not satisfied
[INFO] [stdout]    --> src/response.rs:239:34
[INFO] [stdout]     |
[INFO] [stdout] 239 |             serde_json::to_value(r).unwrap(),
[INFO] [stdout]     |                                  ^ the trait `Serialize` is not implemented for `response::Response`
[INFO] [stdout]     | 
[INFO] [stdout]    ::: /opt/rustwide/cargo-home/registry/src/github.com-1ecc6299db9ec823/serde_json-1.0.57/src/value/mod.rs:962:8
[INFO] [stdout]     |
[INFO] [stdout] 962 |     T: Serialize,
[INFO] [stdout]     |        --------- required by this bound in `to_value`
[INFO] [stdout] 
[INFO] [stdout] 
[INFO] [stdout] error[E0277]: the trait bound `response::Response: Serialize` is not satisfied
[INFO] [stdout]    --> src/response.rs:254:34
[INFO] [stdout]     |
[INFO] [stdout] 254 |             serde_json::to_value(r).unwrap(),
[INFO] [stdout]     |                                  ^ the trait `Serialize` is not implemented for `response::Response`
[INFO] [stdout]     | 
[INFO] [stdout]    ::: /opt/rustwide/cargo-home/registry/src/github.com-1ecc6299db9ec823/serde_json-1.0.57/src/value/mod.rs:962:8
[INFO] [stdout]     |
[INFO] [stdout] 962 |     T: Serialize,
[INFO] [stdout]     |        --------- required by this bound in `to_value`
[INFO] [stdout] 
[INFO] [stdout] 
[INFO] [stdout] error[E0063]: missing fields `cache`, `hash`, `pure` and 1 other field in initializer of `PageSpec`
[INFO] [stdout]    --> src/response.rs:266:25
[INFO] [stdout]     |
[INFO] [stdout] 266 |         let page_spec = PageSpec {
[INFO] [stdout]     |                         ^^^^^^^^ missing `cache`, `hash`, `pure` and 1 other field
[INFO] [stdout] 
[INFO] [stdout] 
[INFO] [stdout] error[E0277]: the trait bound `response::Response: Serialize` is not satisfied
[INFO] [stdout]    --> src/response.rs:279:34
[INFO] [stdout]     |
[INFO] [stdout] 279 |             serde_json::to_value(r).unwrap(),
[INFO] [stdout]     |                                  ^ the trait `Serialize` is not implemented for `response::Response`
[INFO] [stdout]     | 
[INFO] [stdout]    ::: /opt/rustwide/cargo-home/registry/src/github.com-1ecc6299db9ec823/serde_json-1.0.57/src/value/mod.rs:962:8
[INFO] [stdout]     |
[INFO] [stdout] 962 |     T: Serialize,
[INFO] [stdout]     |        --------- required by this bound in `to_value`
[INFO] [stdout] 
[INFO] [stdout] 
[INFO] [stdout] error: aborting due to 16 previous errors
[INFO] [stdout] 
[INFO] [stdout] 
[INFO] [stdout] Some errors have detailed explanations: E0063, E0277, E0432.
[INFO] [stdout] 
[INFO] [stdout] For more information about an error, try `rustc --explain E0063`.
[INFO] [stdout] 
[INFO] [stderr] error: build failed
[INFO] running `Command { std: "docker" "inspect" "a6d940a80e275800c0c1bb8ba6a06bd4e853f05bc506b65f7c10344c6490e804", kill_on_drop: false }`
[INFO] running `Command { std: "docker" "rm" "-f" "a6d940a80e275800c0c1bb8ba6a06bd4e853f05bc506b65f7c10344c6490e804", kill_on_drop: false }`
[INFO] [stdout] a6d940a80e275800c0c1bb8ba6a06bd4e853f05bc506b65f7c10344c6490e804
